w(i).
18
Let w be 0*(-2)/(-4)*-1 + -7. Let y(j) = j**2 + 5*j - 1. Calculate y(w).
13
Suppose 4*s - 9*f = -14*f - 4, 2*s + 3*f + 4 = 0. Let o(h) be the second derivative of 5/2*h**2 - 1/2*h**3 - 1/12*h**s + 0 + 10*h. Calculate o(-5).
-5
Let w be -4 - 8/(8/(-12)*3). Suppose w = 3*k - 3, -5*k = 2*u + 3*u + 10. Let y(v) = -v**2 - 4*v + 1. Calculate y(u).
4
Let q be 4/30 + (2795/75)/43. Let s(v) = 38*v + 4. Determine s(q).
42
Let s(v) = v**3 + 17*v**2 + 3*v + 34. Let l be s(-12). Let w = l - 717. Let t(p) = -7*p**2 + p - 1. Calculate t(w).
-7
Let t(x) = x**3 - 21*x**2 - 75*x + 52. Let f = 10124 + -10100. Determine t(f).
-20
Let j(a) = -12 - a + 9*a + 4*a + 12. Let c = -4 - -10. Suppose 0 = t + 2*t + c. Calculate j(t).
-24
Let g(y) = -y + 5. Suppose -36 = -7*k + k. Let b(w) = w**2 - 5*w - 2. Let r be b(k). Suppose -3*m + 6 = 0, -5*m + 9 + 17 = -r*c. Give g(c).
9
Let d be (8 + 4 - 7)/1. Let g(t) = 2*t**3 + 2*t - 3*t**3 - 6*t**2 + 0*t**3 + 6 - d*t - 13. Calculate g(-6).
11
Let s(q) = 51*q**3 - q**2 + 5*q - 29. Let d(p) = -4*p**3 + p**2 + p + 1. Let k(u) = 13*d(u) + s(u). What is k(13)?
49
Let p(s) = -5*s**2 + s**2 + 7*s + 1 + 10*s - 14*s. Let r be (-5 - -6)*(-17)/((-170)/30). Give p(r).
-26
Let q(d) be the third derivative of d**6/120 - d**5/10 - 7*d**4/24 - 2*d**3/3 - 547*d**2. Determine q(7).
-4
Let a(g) = -g**2 + 10*g - 22. Suppose 5*m - 26 = -j + 14, 4*j = 20. Determine a(m).
-1
Suppose 3*y = -5*y. Suppose 3*v - 7 + 10 = y. Let m be (-35)/6 + -1*v/(-6). Let g(j) = j**2 + 7*j + 3. Determine g(m).
-3
Let g(v) = -3 + 1253*v - 3 + 5 - 1248*v. Determine g(0).
-1
Let w(x) = 7*x - 2*x**3 - 3*x**3 + 5*x**3 + 0*x**2 + x**3 - x**2 - 7. Let i be w(1). Let l(d) = -d**2 - d + 14. Calculate l(i).
14
Suppose -91 + 499 + 202 = -61*f. Let p(t) = 3*t**2 + 25*t + 15. Give p(f).
65
Let f(k) = k**3 + k**2 + k. Let t be (3*-1)/(-15*1/(-10)). Let b(w) = 3*w**3 + 7*w**2 + 3*w - 3. Let c(z) = t*f(z) + b(z). Determine c(-4).
9
Let m(s) = -12*s - 14. Let k(q) = -q**2. Let g(w) = -k(w) - m(w). Let i be g(-11). Let z(d) be the second derivative of d**3/6 - 2*d**2 + 4*d. Calculate z(i).
-1
Let q be (-3)/(2/(-20)*3). Let n be ((-12)/(-20))/(1/q). Let i(d) = d - 1. Calculate i(n).
5
Suppose b + 3 = 8. Let u(q) = 4*q**2 - 9*q - 5. Let k(l) = 7*l**2 - 17*l - 10. Let g(a) = b*u(a) - 3*k(a). Calculate g(5).
10
Let j(a) = 4*a + 1 + 12*a**2 + a**3 - 2*a**2 + 10*a - a**2. Let o be j(-7). Let v be 3*(-24)/(-9) - 2/o. Let i(c) = -c**3 + 6*c**2 - c - 3. Give i(v).
-9
Let j(h) be the third derivative of -h**7/5040 + h**5/10 + 5*h**3/3 - 17*h**2 - 4*h. Let u(z) be the third derivative of j(z). Determine u(16).
-16
Let o(z) = -z**3 + 11*z**2 - 30*z + 1. Let q be 80456/12104 - 6/(-17). Determine o(q).
-13
Let v(n) = 2*n**2 - n + 2. Let y(h) = h**2 + 4*h. Let u be y(-4). Suppose -5*i = -3*t - 9, -23 = -5*t - 2*i - 7. Suppose o = -u + t. Determine v(o).
8
Suppose 14*c + 6*h - 46 = 16*c, 4*c = h - 48. Let z(x) = -4*x + 25. Give z(c).
69
Let j(y) = 2*y**2 - 33*y - 28. Let t(l) = -l**2 + 16*l + 15. Let f(s) = 4*j(s) + 9*t(s). Give f(15).
-22
Let p(o) = o**2 - 7*o + 9. Let r be p(6). Let s be (10/3)/((-7)/(-21)) - r. Let v(c) = 5 - s*c + 2*c + 0*c + c. Give v(4).
-11
Let x(q) = q**3 - 12*q**2 - 7*q + 46. Let s(u) = u**3 - 14*u**2 - 7*u + 49. Let r(n) = -4*s(n) + 5*x(n). Give r(3).
4
Let p(m) be the first derivative of -m**3/3 + 15*m**2/2 - 59*m + 4691. What is p(10)?
-9
Let q(p) = -2303762*p + 13 + 2303768*p + 171. Determine q(-32).
-8
Let d(y) = -y**2 + 212*y + 1309. Let o be d(218). Let u(c) = 1 + 3*c**2 - 4*c**2 + 7*c**3 + 0*c**2. Calculate u(o).
7
Let y(d) be the second derivative of -11*d**3/6 - 32*d**2 - 3404*d. Give y(-5).
-9
Let i be (-1)/((10/20)/(26/(-4))). Suppose -3*n = -7 + i. Let f be (-1)/n*0*(-2)/(-2). Let u(c) = -c**2 - c + 9. Determine u(f).
9
Suppose -35*u + 151 - 78 = -137. Let n(b) = 2*b**3 - 12*b**2 - 10*b - 10. Give n(u).
-70
Let g = 7706 + -7749. Let b(v) = -7*v - 298. Calculate b(g).
3
Let k(w) = -w**3 + 9*w**2 - 9*w - 4. Suppose -6*n + 9*i = 8*i - 48, 0 = 2*n + 2*i - 16. What is k(n)?
-12
Let o(q) = 2*q + 7. Let m(l) = 7*l - 15. Let g(j) = 6*j - 14. Let i(f) = -4*g(f) + 3*m(f). Let x be i(3). Let y = -3 - x. What is o(y)?
-3
Suppose -91*u = -92*u + 5. Suppose u*h = -9*h + 42. Let c be 26/6 + h/(9/2). Let z(d) = -d + 4. Give z(c).
-1
Suppose 6 = -2*b + 3*i, -3*b - 3*i + 5 = -1. Let h(k) = 3 + 2*k**2 - 4*k - k**3 + b*k**3 - k**2. Let a(v) = v**2 - 824*v + 90785. Let f be a(131). Give h(f).
-9
Let i(o) = -o**3 - 38*o**2 - 32*o + 186. Let h be i(-37). Let a(y) = 13*y**2 + 3*y - 2. Determine a(h).
14
Suppose -229*g = -233*g. Suppose -3*m - 3*n - 6 = g, -17*m + 5*n = -18*m - 2. Let x(h) = -h**3 + h**2 - h + 2. Give x(m).
16
Let n(l) = -4*l - 24. Let r be n(-6). Suppose 2*x + 6 = -m, r = -0*m - 4*m + 3*x - 13. Let p be (-56)/m*2/7. Let y(d) = -d + 3. What is y(p)?
-1
Let v(c) = 5*c + 13. Suppose 3*a = -134*a - 411. Calculate v(a).
-2
Let h(c) = -87*c + 36. Let a(b) = 21*b - 9. Let g(u) = 21*a(u) + 5*h(u). Determine g(-1).
-15
Let d(c) = 10538 + 10544 - 21087 - 15*c. Give d(-1).
10
Let g(y) = -9 - y**2 + 232*y + 5 - 119*y - 100*y. Suppose -h = -5*t + 4*h + 50, -t = 5*h + 20. Give g(t).
36
Let m(u) be the third derivative of -u**7/336 - u**6/720 + 31*u**5/60 - u**3/6 + 14*u**2 - 6*u. Let t(s) be the third derivative of m(s). What is t(1)?
-16
Suppose -18*c + 0*c = 5094. Let i = -277 - c. Let l(g) = -g**2 + 9*g - 2. What is l(i)?
16
Suppose 3 - 9 = -3*r. Let d(s) = s**2 + s**r + 1 - 2*s + 3*s**2. Let x = -10054 - -10055. Calculate d(x).
4
Let o(z) = -5*z - 603. Let h(k) = -k - 99. Let t(g) = -25*h(g) + 4*o(g). Give t(-14).
-7
Suppose 6*x - 202 = -226. Let r(b) = b**3 + 4*b**2 - 4*b - 25. What is r(x)?
-9
Let o(a) = a**3 + a**2 - a - 2. Let c be (9/6)/(2/(-4)). Let b(h) be the first derivative of -h**3/3 - h**2/2 + 4*h - 431. Let q be b(c). Determine o(q).
-4
Suppose 2960*p = 5*u + 2959*p - 26, 24 = 2*u + 3*p. Let k(s) = 2*s**2 - 9*s - 20. Give k(u).
-2
Let q(x) = -3*x**2 + 4*x + 21. Suppose 0 = 4*o + 2*u - 30, -2*u - 14 = -3*o - 2. Give q(o).
-63
Let c(f) = 9*f + 26. Suppose 2*p = 5*s - 21, 7*s - 10*s + 12 = -p. Determine c(p).
-1
Let k(d) = -16*d + 2. Let w(p) = -33*p + 5. Let g(b) = -7*k(b) + 3*w(b). Let l = 400 - 268. Suppose 0 = -113*c + l*c - 19. What is g(c)?
14
Let g(c) = -c**3 + 2*c**2 - c. Let v = 26 + -16. Let f(w) = -w + 11. Let l be f(v). Suppose -s + l = -0. Determine g(s).
0
Suppose 4*y + 79 = 3*b, 5*b + 5*y - 120 + 0 = 0. Let i = -8 + b. Suppose -3*h = 3*s + 24, -4*h - i = s + 3. Let x(o) = -2*o**2 - 7*o - 6. What is x(h)?
-10
Let q(o) be the first derivative of -o**2 - o + 3. Let y be q(2). Let i(h) = 13*h - h**2 - h**3 + 13*h - 63 + 57 - 4*h**2 - 28*h. Determine i(y).
4
Let b(r) = -253*r**2 + 124*r**2 + 11 + 5*r + 130*r**2. Determine b(-4).
7
Let q(z) = -9*z**2 + 17*z - 3. Let v(c) = 16*c**2 - 34*c + 4. Let k(p) = 5*q(p) + 3*v(p). Give k(6).
3
Let f be (-1)/(-2) + (-60)/(-8). Let s(y) = -f + 2 + 12 + y - 8. What is s(8)?
6
Let b(u) be the second derivative of -u**3/6 - 9*u**2/2 + u. Let l = -193 + 194. Suppose -65 = 8*h - l. What is b(h)?
-1
Let h = 205/1326 - -8/663. Let i(z) be the third derivative of 0*z - 1/4*z**4 + h*z**3 + 1/30*z**5 + 0 + 10*z**2. Calculate i(4).
9
Let v(c) = c**3 + c**2 - 2*c + 5. Suppose -1353 = -42*d - 1269. Determine v(d).
13
Let k(t) = -3*t - 4. Let j(p) = -5 - 3 + 2*p + 2*p - p**2. Let i(a) = a**2 - 5*a + 9. Let q(r) = -4*i(r) - 3*j(r). Let n be q(7). What is k(n)?
11
Let a(l) be the third derivative of -3/8*l**4 + 0 - l**2 - 1/6*l**3 + 3*l. What is a(-3)?
26
Let r(s) be the second derivative of -s**5/20 + 7*s**3/6 - 180*s - 2. Determine r(-4).
36
Let g(w) = -2. Let b(l) = -41*l + 73*l - 33*l + 1. Let q(o) = -3*b(o) - g(o). Suppose 0*s + 5 = s, -4*s + 30 = -5*c. Give q(c).
-7
Let q = 5732 - 5748. Let v(d) = 2*d + 30. Calculate v(q).
-2
Let g(f) = 4*f - 23. Let h be g(7). Suppose -3*x - 2 = -2*x + a, 4*x = h*a + 28. Let q(i) = 8*i - 6*i + 5*i**x - 34 + 33. Determine q(2).
23
Let m(d) = 5*d - 6. Let s(j) = 2*j + 23. Let p be s(0). Suppose 0 = -2*y - 3*x + p, 4*y + 2*x + x - 31 = 0. Give m(y).
14
Let y(c) = 3*c**3 + c**2 + c + 1. Let s(n) = -28*n**3 - 7*n**2 + 12*n - 13. Let x(k) = s(k) + 9*y(k). Give x(6).
-22
Let i(r) = 17*r - 688 + 